 Calculate f(-6).
5
Let b(s) be the first derivative of s**4/2 - 4*s**3/3 + 2*s - 1. Suppose 4*k + 1 = 17, -5*u + 2*k + 7 = 0. Determine b(u).
20
Let c be 187/44 - 2/8. Suppose -c*y + 0*y = -36. Let i(r) = 1 - r - y*r - r + 9*r - r**2. Determine i(-3).
-2
Let r be (-6)/4*(-79 - -17). Let n = 87 - r. Let m(q) = -2*q. Calculate m(n).
12
Let l(q) = 17*q**3 - 5*q**2 + 8*q + 14. Let i(v) = -6*v**3 + 2*v**2 - 3*v - 5. Let w(j) = -11*i(j) - 4*l(j). Let s be (2 + -5)*6/9. Calculate w(s).
5
Let h(m) = m + 12. Let i(g) = 1. Suppose 2 = p - 0*p. Suppose 3*v = -r - 4, -5*r + 10*r = 5*v. Let k(z) = p*i(z) + r*h(z). Calculate k(0).
-10
Let u(b) be the first derivative of -2*b**2 + 16*b - 333. Give u(8).
-16
Let r(u) be the third derivative of u**6/120 + 3*u**5/20 + 5*u**4/12 - 5*u**3/6 - 22*u**2. Give r(-8).
-21
Let p(a) = -a**3 - a**2 + a - 1. Suppose -13*j - 3 = -10*j. Let r(x) = -4*x**3 + 6*x - 10. Let u(d) = j*r(d) + 5*p(d). Let y be 0 - 3 - 1/1. Calculate u(y).
-7
Let m(j) be the third derivative of j**4/24 + 2*j**3/3 - 3*j**2. Suppose -2*g + 4*y + 12 = 2*g, -2*y = -g - 2. Let o be g/20 + (-22)/5. What is m(o)?
0
Let l(z) = z**3 - 2*z + 2*z**2 + 5*z - 558 - 3*z + 554. What is l(-3)?
-13
Let i(r) = 0*r + 3*r**3 + 2*r**2 - 2*r**3 + 4 - r. Suppose 3*s = -2*h, 30 - 7 = -5*h + 4*s. Let m be i(h). Let g(c) = c**3 + 3*c**2 - 2*c. Determine g(m).
8
Suppose -3*j - 13 + 10 = 0. Let k = 34 - j. Suppose k = -3*l + 4*r, l + 3*r - 5 = -l. Let t(p) = 2*p + 3. What is t(l)?
-7
Let a(h) = -h - 6. Suppose k = -2*k + 90. Let v(u) = -3*u - 3*u + 8*u + k + 3*u. Let y(m) = -11*a(m) - 2*v(m). Determine y(-3).
3
Let k(p) = -p**3 - 10*p**2 - p - 4. Suppose -9 = 26*t + 251. Determine k(t).
6
Let g = 15 + -29. Let a be g/8 + 2/(-8). Let j(t) be the first derivative of -t**2 - 5540. Calculate j(a).
4
Suppose 15*w = 11*w + 12. Suppose r - m - 6 = 2*m, -w*r = 3*m + 6. Let h(t) = -1 + 7 + r + t**2 + 8*t. What is h(-8)?
6
Let u = -11 + -10. Let l = 19 + u. Let p(m) = -2*m**3 - 3*m**2 - 2*m - 1. Give p(l).
7
Let d be 4/(-8)*23 + 20/8. Let y(x) = x**2 + 9*x - 11. What is y(d)?
-11
Suppose -6*r = 31 - 79. Let z(p) = 7*p. Let i(n) = 20*n - 1. Let v(w) = 6*i(w) - 17*z(w). What is v(r)?
2
Let v(d) be the second derivative of d**6/120 - 3*d**5/20 + 7*d**4/24 - d**3/6 + 7*d**2/2 + 4*d. Let h(g) be the first derivative of v(g). Determine h(8).
-9
Let t(d) = d + 17. Let i(b) = 15*b + 570. Let u be i(-38). Calculate t(u).
17
Let a(o) = -2*o - 12. Let d be 4/26 + (-13)/(338/(-126)). Suppose w + 6 = -3*n, 0 = d*w - 3*n - 0*n + 48. What is a(w)?
6
Let u(i) = 10 + 5*i**2 - 9*i + 2*i - 9. Suppose 0 = a - 0*a + 6. Let m(g) = -14*g**2 + 20*g - 3. Let l(b) = a*m(b) - 17*u(b). Calculate l(1).
-1
Let m(u) = u**3 - 4*u**2 + 5*u - 3. Let a = -1901 - -1905. Give m(a).
17
Suppose 497*n - 503*n + 36 = 0. Let z(c) = 3*c - 23. Determine z(n).
-5
Let k(p) = 2*p + 4. Suppose -3*u + 16 = 1. Suppose -3*m = -i - 15, 0 = -u*m - i + 3*i + 24. What is k(m)?
16
Let s be 3/2*(6 + -4)*-1. Let c be (-1 - -4) + s + 3. Let h(g) = -3 + g + g - g. What is h(c)?
0
Let p(z) be the first derivative of z**3/3 - 4*z**2 + 5*z - 95. Give p(6).
-7
Let b(m) be the second derivative of 9*m - 3/10*m**5 - 1/2*m**2 + 1/3*m**3 + 0 + 0*m**4. Let v(w) = w - 2. Let a be v(3). Determine b(a).
-5
Let y be (10/(-4))/(7/14). Let r be -2 - -6 - (-2 - y). Let j(i) = 0 - i + 0*i - r + 2*i**2. Calculate j(2).
5
Let u(k) = k**2 - 21*k + 102. Let m be u(12). Suppose 0 = -o - 0 + 4. Let y(r) = -o*r + 5*r**2 + 1 - 2*r + r**3 + 0*r**3. Determine y(m).
1
Let u(h) = -3*h + 1146 + h**2 - 1146. Determine u(6).
18
Let d = 6 + -15. Let w be d/2*(-8)/(-12). Let i(x) = -3*x - 8. Let s(t) = -4*t - 9. Let n(p) = 5*i(p) - 4*s(p). Calculate n(w).
-7
Let x(a) = -2*a**3 - 3*a**2 + 10*a + 5. Let c(z) = -z**3 - z**2 + 4*z + 2. Let l(d) = -5*c(d) + 2*x(d). Let t = 0 - -1. Calculate l(t).
0
Let d(u) = 18*u + 3. Suppose -2*l - c = 10, 2*l + 3*c + 43 = 25. Calculate d(l).
-51
Let j(v) = -v - 4. Let b be 4/(-6)*3 + -11 + 17. Suppose 0*t - b = -3*w - t, 4*w - 32 = 4*t. Calculate j(w).
-7
Let v(c) = c - 4046 + 0*c - c - c + 4050. What is v(-10)?
14
Let r(g) = 8 - g + 7 + 3 + 9 - 24. What is r(-1)?
4
Let s(r) = -2*r. Let t(l) = -1. Let w(o) = s(o) + 2*t(o). Suppose -2*c - 15 + 7 = 0. Give w(c).
6
Let j(a) = -3*a + 9. Let m(x) = 2*x - 5. Let s(i) = 4*i - 10. Let u(v) = 5*m(v) - 2*s(v). Let g(t) = 5*j(t) + 9*u(t). Give g(1).
3
Let d = -1 - -5. Let h(i) = 10*i - 9*i - 2 - 9*i + 19*i - 10*i. Give h(d).
2
Suppose -4*d = -d - 30. Suppose -6*p - 8*p + 280 = 0. Suppose 5*f = -d - p. Let s(w) = -w**3 - 5*w**2 + 7*w + 1. Calculate s(f).
-5
Let g(t) = 3*t + 5. Let q(b) = -2*b + 9. Let c(d) = -d + 3. Let y(i) = 8*c(i) - 3*q(i). Let k(p) = 3*g(p) + 5*y(p). What is k(4)?
-4
Let q(s) = -4*s + 6. Let p be q(-3). Suppose 6*g + p + 12 = 0. Let n(i) = 3*i**2 - 3 - 4*i - 7*i**2 + 3*i**2. Determine n(g).
-8
Let q = -243 + 246. Let y(t) = 2*t**2 - 4*t + 4. Give y(q).
10
Let i(g) = g**3 - 5*g**2 + 2*g + 1. Let f be i(4). Let t be -2*(28/8)/f. Let q(l) be the third derivative of -l**5/6 - 4*l**2. Give q(t).
-10
Suppose 2*j + 4*s = -2*j + 12, 4*s + 15 = 5*j. Suppose -j*u - 3*l + 56 = -l, 4*l + 42 = u. Let r(f) = u - 7*f - 23 - 2*f. Determine r(-1).
8
Let b(r) = -7*r**3 - r. Suppose 0*m + 4*m + 4*q = -72, 5*m - 5*q = -90. Let s = -31 - m. Let w = s + 14. What is b(w)?
-8
Let g(p) = -15*p**2 + 1. Suppose 0 = -4*b - 4*c + 4, 10*c - 1 = -b + 6*c. Determine g(b).
-14
Suppose 0 = y - 2 - 2. Suppose f + 5*d - 2 = 12, 3*d - 30 = -3*f. Let u(p) = f - 4 - 3 - p. Give u(y).
-2
Let k(q) = -3*q**3 - 7*q**2 - 4*q - 2. Let a(x) = -13*x**3 - 29*x**2 - 16*x - 9. Let b(g) = 2*a(g) - 9*k(g). Calculate b(-3).
6
Let l(q) = -2*q**3 + q - 1. Let v(m) = 2*m - 1. Let r be v(4). Suppose -5*z + 3 + r = 0. Suppose d = z*h - 7, 3*d + 2*h + 2 = 13. Calculate l(d).
-2
Let a(i) = 2*i**3 + i - 1. Let q be (4/(-5))/(8/20). Calculate a(q).
-19
Let h(p) = -p**3 - p**2. Suppose 3*d + 3*u - 5 + 8 = 0, -6 = 2*d + u. Let z(a) = 6*a**3 + 13*a**2 - a - 3. Let t(w) = d*h(w) - z(w). What is t(-8)?
-5
Let z = 124 + -118. Let x(h) = 0*h + z - 7*h**2 + 296*h**3 - 7*h - 297*h**3. Give x(-6).
12
Let j(b) = -4*b + 15 + 4*b + 2*b**2 - 9*b - 6*b - 37. Determine j(9).
5
Suppose 2 + 1 = p. Suppose p + 27 = 5*w. Let a(z) = -1 + 0*z + 6*z**2 - 20*z**3 + 91*z**3 + z - 34*z**3 - 38*z**3. What is a(w)?
5
Let o(d) be the second derivative of -d**4/12 - d**3 + d**2 + d. Let z = -414 - -409. Calculate o(z).
7
Let b(t) = -t + 6. Suppose 7*u = -5*u - 24. Let f(r) = -1. Let i(m) = u*f(m) + b(m). Give i(0).
8
Let r be -1 + (-10 + 5 - -8). Suppose -6*w + 6 = -3*w. Let l(f) = 3 + f - 3*f + f**3 - w*f. Give l(r).
3
Let v(h) be the third derivative of h**5/60 + h**4/24 + h**3/6 + h**2. Let x(j) be the first derivative of v(j). Let w = -1664 - -1661. Calculate x(w).
-5
Let l(i) be the first derivative of -i**4/12 + 2*i**3/3 + 5*i**2/2 - 13*i - 16. Let b(d) be the first derivative of l(d). Determine b(5).
0
Let t(v) = -v**2 + v + 5. Let h be 3/4 + (-3)/(-12). Let y = -1 + h. Suppose y*o + 2*o + 2*z - 8 = 0, -4*o = -5*z + 20. Give t(o).
5
Let d(l) = -4*l + 3. Let n be 27/(-45) + 3/5. Let s be (n - 2) + 1 + 3. What is d(s)?
-5
Let p(y) = y**2 - 5*y + 3. Let z(r) = -r**3 + 10*r**2 + 11*r + 4. Let t be z(11). Suppose -w = -5*g + 2*g + t, -37 = -4*g - 5*w. Calculate p(g).
-3
Suppose 2*k + 300 = m, 0 = -0*m - 5*m + 2*k + 1484. Let x(l) = -m*l + 307*l + 10 + l**2 - 4. Give x(-4).
-22
Let x(t) = -t**2 + 6*t + 4. Suppose 8*o = -217 + 289. What is x(o)?
-23
Let j(i) = 4*i**2 + i. Let x be j(-1). Let u be x/1 + -3 + -2. Let y(h) = -h. Give y(u).
2
Let a(y) be the first derivative of y**5/20 + y**4/6 - y**3/6 + y**2/2 + 4*y + 13. Let o(v) be the first derivative of a(v). Let z = 5 + -8. Determine o(z).
-5
Let m(z) = -z**2 + 6*z - 4. Let d be m(3). Let r(t) be the second derivative of t + 7*t**2 + 1/20*t**d + 0 + 1/12*t**4 - 1/6*t**3. Determine r(0).
14
Let x be 1 - 6 - ((-9)/1 - -5). Let a(u) be the third derivative of -1/6*u**3 + 0*u**4 + 0*u - 1/15*u**5 + 2*u**2 + 0. Give a(x).
-5
Let n(j) = -52*j**2 - 3 + 0*j + 2*j - 3*j + 47*j**2. Give n(3).
-51
Let a(p) = 1951*p - 6 + p**3 + 7*p**2 + 1957*p - 3918*p. What is a(-8)?
10
Let m(z) be the third derivative of z**6/120 - z**5/12 + z*